{"id":189,"date":"2016-04-02T16:19:48","date_gmt":"2016-04-02T14:19:48","guid":{"rendered":"http:\/\/goldmeble.com.pl\/?page_id=189"},"modified":"2020-11-24T13:06:30","modified_gmt":"2020-11-24T11:06:30","slug":"paleta-barw","status":"publish","type":"page","link":"https:\/\/goldmeble.com.pl\/?page_id=189","title":{"rendered":"PALETA BARW"},"content":{"rendered":"<p style=\"text-align: center;\">\n<p style=\"text-align: center;\"><strong>PALETA KOLOR\u00d3W RAL K7*<\/strong><\/p>\n<p style=\"text-align: center;\"><img decoding=\"async\" loading=\"lazy\" class=\"aligncenter wp-image-192 size-full\" src=\"http:\/\/goldmeble.com.pl\/wp-content\/uploads\/2016\/04\/kolory_ral.jpg\" alt=\"kolory_ral\" width=\"760\" height=\"1486\" srcset=\"https:\/\/goldmeble.com.pl\/wp-content\/uploads\/2016\/04\/kolory_ral.jpg 760w, https:\/\/goldmeble.com.pl\/wp-content\/uploads\/2016\/04\/kolory_ral-153x300.jpg 153w, https:\/\/goldmeble.com.pl\/wp-content\/uploads\/2016\/04\/kolory_ral-524x1024.jpg 524w\" sizes=\"(max-width: 760px) 100vw, 760px\" \/><\/p>\n<p style=\"text-align: center;\"><strong>PALETA KOLOR\u00d3W NCS*<\/strong><\/p>\n<p style=\"text-align: center;\"><img decoding=\"async\" loading=\"lazy\" class=\"alignnone wp-image-190 size-full\" src=\"http:\/\/goldmeble.com.pl\/wp-content\/uploads\/2016\/04\/ncs.jpg\" alt=\"ncs\" width=\"760\" height=\"1884\" srcset=\"https:\/\/goldmeble.com.pl\/wp-content\/uploads\/2016\/04\/ncs.jpg 760w, https:\/\/goldmeble.com.pl\/wp-content\/uploads\/2016\/04\/ncs-121x300.jpg 121w, https:\/\/goldmeble.com.pl\/wp-content\/uploads\/2016\/04\/ncs-413x1024.jpg 413w\" sizes=\"(max-width: 760px) 100vw, 760px\" \/><\/p>\n<p style=\"text-align: center;\"><strong>PALETA KOLOR\u00d3W ICA*<\/strong><\/p>\n<p style=\"text-align: center;\"><img decoding=\"async\" loading=\"lazy\" class=\"alignnone wp-image-191 size-full\" src=\"http:\/\/goldmeble.com.pl\/wp-content\/uploads\/2016\/04\/ica.jpg\" alt=\"ica\" width=\"760\" height=\"4169\"><\/p>\n<p style=\"text-align: center;\"><em>*Informujemy, i\u017c przedstawiona na stronie paleta barw jest tylko pogl\u0105dowa.<\/em><\/p>\n<p style=\"text-align: center;\"><em>Powy\u017csze kolory mo\u017cemy wykona\u0107 w: macie, p\u00f3\u0142macie, po\u0142ysku i po\u0142ysku polerowanym.<\/em><\/p>\n","protected":false},"excerpt":{"rendered":"<p>PALETA KOLOR\u00d3W RAL K7* PALETA KOLOR\u00d3W NCS* PALETA KOLOR\u00d3W ICA* *Informujemy, i\u017c przedstawiona na stronie paleta barw jest tylko pogl\u0105dowa. Powy\u017csze kolory mo\u017cemy wykona\u0107 w: macie, p\u00f3\u0142macie, po\u0142ysku i po\u0142ysku polerowanym.<\/p>\n","protected":false},"author":1,"featured_media":0,"parent":0,"menu_order":0,"comment_status":"closed","ping_status":"closed","template":"","meta":{"ngg_post_thumbnail":0},"_links":{"self":[{"href":"https:\/\/goldmeble.com.pl\/index.php?rest_route=\/wp\/v2\/pages\/189"}],"collection":[{"href":"https:\/\/goldmeble.com.pl\/index.php?rest_route=\/wp\/v2\/pages"}],"about":[{"href":"https:\/\/goldmeble.com.pl\/index.php?rest_route=\/wp\/v2\/types\/page"}],"author":[{"embeddable":true,"href":"https:\/\/goldmeble.com.pl\/index.php?rest_route=\/wp\/v2\/users\/1"}],"replies":[{"embeddable":true,"href":"https:\/\/goldmeble.com.pl\/index.php?rest_route=%2Fwp%2Fv2%2Fcomments&post=189"}],"version-history":[{"count":15,"href":"https:\/\/goldmeble.com.pl\/index.php?rest_route=\/wp\/v2\/pages\/189\/revisions"}],"predecessor-version":[{"id":614,"href":"https:\/\/goldmeble.com.pl\/index.php?rest_route=\/wp\/v2\/pages\/189\/revisions\/614"}],"wp:attachment":[{"href":"https:\/\/goldmeble.com.pl\/index.php?rest_route=%2Fwp%2Fv2%2Fmedia&parent=189"}],"curies":[{"name":"wp","href":"https:\/\/api.w.org\/{rel}","templated":true}]}}